[Sun Jan 14 11:38:04.130067 2024] [php:error] [pid 362893] [client 91.92.253.89:54128] PHP Fatal error:  Uncaught Error: Class "WP_Customize_Control" not found in /var/www/ubuntu-us.org/htdocs/wp-includes/customize/class-wp-customize-nav-menu-auto-add-control.php:17\nStack trace:\n#0 {main}\n  thrown in /var/www/ubuntu-us.org/htdocs/wp-includes/customize/class-wp-customize-nav-menu-auto-add-control.php on line 17
[Sun Jan 14 11:38:05.676105 2024] [php:error] [pid 362886] [client 91.92.253.89:65093] PHP Fatal error:  Uncaught Error: Class "WP_Customize_Control" not found in /var/www/ubuntu-us.org/htdocs/wp-includes/customize/class-wp-customize-nav-menu-control.php:17\nStack trace:\n#0 {main}\n  thrown in /var/www/ubuntu-us.org/htdocs/wp-includes/customize/class-wp-customize-nav-menu-control.php on line 17
[Sun Jan 14 11:38:08.184970 2024] [php:error] [pid 366204] [client 91.92.253.89:53416] PHP Fatal error:  Uncaught Error: Class "WP_Customize_Control" not found in /var/www/ubuntu-us.org/htdocs/wp-includes/customize/class-wp-customize-nav-menu-item-control.php:17\nStack trace:\n#0 {main}\n  thrown in /var/www/ubuntu-us.org/htdocs/wp-includes/customize/class-wp-customize-nav-menu-item-control.php on line 17
[Sun Jan 14 11:38:11.192003 2024] [php:error] [pid 363424] [client 91.92.253.89:64339] PHP Fatal error:  Uncaught Error: Class "WP_Customize_Setting" not found in /var/www/ubuntu-us.org/htdocs/wp-includes/customize/class-wp-customize-nav-menu-item-setting.php:20\nStack trace:\n#0 {main}\n  thrown in /var/www/ubuntu-us.org/htdocs/wp-includes/customize/class-wp-customize-nav-menu-item-setting.php on line 20
[Sun Jan 14 11:38:25.308939 2024] [php:error] [pid 362893] [client 91.92.253.89:58704] PHP Fatal error:  Uncaught Error: Class "WP_Customize_Control" not found in /var/www/ubuntu-us.org/htdocs/wp-includes/customize/class-wp-customize-nav-menu-location-control.php:19\nStack trace:\n#0 {main}\n  thrown in /var/www/ubuntu-us.org/htdocs/wp-includes/customize/class-wp-customize-nav-menu-location-control.php on line 19
[Sun Jan 14 11:38:46.458131 2024] [php:error] [pid 362886] [client 91.92.253.89:57471] PHP Fatal error:  Uncaught Error: Class "WP_Customize_Control" not found in /var/www/ubuntu-us.org/htdocs/wp-includes/customize/class-wp-customize-nav-menu-locations-control.php:17\nStack trace:\n#0 {main}\n  thrown in /var/www/ubuntu-us.org/htdocs/wp-includes/customize/class-wp-customize-nav-menu-locations-control.php on line 17
[Sun Jan 14 11:38:50.337841 2024] [php:error] [pid 366204] [client 91.92.253.89:51771] PHP Fatal error:  Uncaught Error: Class "WP_Customize_Control" not found in /var/www/ubuntu-us.org/htdocs/wp-includes/customize/class-wp-customize-nav-menu-name-control.php:17\nStack trace:\n#0 {main}\n  thrown in /var/www/ubuntu-us.org/htdocs/wp-includes/customize/class-wp-customize-nav-menu-name-control.php on line 17
[Sun Jan 14 11:38:52.351881 2024] [php:error] [pid 363424] [client 91.92.253.89:51616] PHP Fatal error:  Uncaught Error: Class "WP_Customize_Section" not found in /var/www/ubuntu-us.org/htdocs/wp-includes/customize/class-wp-customize-nav-menu-section.php:19\nStack trace:\n#0 {main}\n  thrown in /var/www/ubuntu-us.org/htdocs/wp-includes/customize/class-wp-customize-nav-menu-section.php on line 19
[Sun Jan 14 11:38:54.213637 2024] [php:error] [pid 365526] [client 91.92.253.89:51421] PHP Fatal error:  Uncaught Error: Class "WP_Customize_Setting" not found in /var/www/ubuntu-us.org/htdocs/wp-includes/customize/class-wp-customize-nav-menu-setting.php:21\nStack trace:\n#0 {main}\n  thrown in /var/www/ubuntu-us.org/htdocs/wp-includes/customize/class-wp-customize-nav-menu-setting.php on line 21
[Sun Jan 14 11:38:55.736036 2024] [php:error] [pid 362893] [client 91.92.253.89:56399] PHP Fatal error:  Uncaught Error: Class "WP_Customize_Panel" not found in /var/www/ubuntu-us.org/htdocs/wp-includes/customize/class-wp-customize-nav-menus-panel.php:19\nStack trace:\n#0 {main}\n  thrown in /var/www/ubuntu-us.org/htdocs/wp-includes/customize/class-wp-customize-nav-menus-panel.php on line 19
[Sun Jan 14 11:38:57.353462 2024] [php:error] [pid 362886] [client 91.92.253.89:56844] PHP Fatal error:  Uncaught Error: Call to undefined function _deprecated_file() in /var/www/ubuntu-us.org/htdocs/wp-includes/customize/class-wp-customize-new-menu-control.php:11\nStack trace:\n#0 {main}\n  thrown in /var/www/ubuntu-us.org/htdocs/wp-includes/customize/class-wp-customize-new-menu-control.php on line 11
[Sun Jan 14 11:38:59.083496 2024] [php:error] [pid 366203] [client 91.92.253.89:51112] PHP Fatal error:  Uncaught Error: Call to undefined function _deprecated_file() in /var/www/ubuntu-us.org/htdocs/wp-includes/customize/class-wp-customize-new-menu-section.php:11\nStack trace:\n#0 {main}\n  thrown in /var/www/ubuntu-us.org/htdocs/wp-includes/customize/class-wp-customize-new-menu-section.php on line 11
[Sun Jan 14 11:39:04.101268 2024] [php:error] [pid 367616] [client 91.92.253.89:54934] PHP Fatal error:  Uncaught Error: Class "WP_Customize_Section" not found in /var/www/ubuntu-us.org/htdocs/wp-includes/customize/class-wp-customize-sidebar-section.php:17\nStack trace:\n#0 {main}\n  thrown in /var/www/ubuntu-us.org/htdocs/wp-includes/customize/class-wp-customize-sidebar-section.php on line 17
[Sun Jan 14 11:39:05.519356 2024] [php:error] [pid 363741] [client 91.92.253.89:50121] PHP Fatal error:  Uncaught Error: Class "WP_Customize_Cropped_Image_Control" not found in /var/www/ubuntu-us.org/htdocs/wp-includes/customize/class-wp-customize-site-icon-control.php:19\nStack trace:\n#0 {main}\n  thrown in /var/www/ubuntu-us.org/htdocs/wp-includes/customize/class-wp-customize-site-icon-control.php on line 19
[Sun Jan 14 11:39:06.885270 2024] [php:error] [pid 362893] [client 91.92.253.89:56171] PHP Fatal error:  Uncaught Error: Class "WP_Customize_Control" not found in /var/www/ubuntu-us.org/htdocs/wp-includes/customize/class-wp-customize-theme-control.php:17\nStack trace:\n#0 {main}\n  thrown in /var/www/ubuntu-us.org/htdocs/wp-includes/customize/class-wp-customize-theme-control.php on line 17
[Sun Jan 14 11:39:09.068917 2024] [php:error] [pid 367616] [client 91.92.253.89:64541] PHP Fatal error:  Uncaught Error: Class "WP_Customize_Panel" not found in /var/www/ubuntu-us.org/htdocs/wp-includes/customize/class-wp-customize-themes-panel.php:17\nStack trace:\n#0 {main}\n  thrown in /var/www/ubuntu-us.org/htdocs/wp-includes/customize/class-wp-customize-themes-panel.php on line 17
[Sun Jan 14 11:39:11.729032 2024] [php:error] [pid 366205] [client 91.92.253.89:55626] PHP Fatal error:  Uncaught Error: Class "WP_Customize_Section" not found in /var/www/ubuntu-us.org/htdocs/wp-includes/customize/class-wp-customize-themes-section.php:19\nStack trace:\n#0 {main}\n  thrown in /var/www/ubuntu-us.org/htdocs/wp-includes/customize/class-wp-customize-themes-section.php on line 19
[Sun Jan 14 11:39:15.786561 2024] [php:error] [pid 362886] [client 91.92.253.89:57253] PHP Fatal error:  Uncaught Error: Class "WP_Customize_Media_Control" not found in /var/www/ubuntu-us.org/htdocs/wp-includes/customize/class-wp-customize-upload-control.php:17\nStack trace:\n#0 {main}\n  thrown in /var/www/ubuntu-us.org/htdocs/wp-includes/customize/class-wp-customize-upload-control.php on line 17
[Sun Jan 14 11:39:17.914682 2024] [php:error] [pid 366203] [client 91.92.253.89:64484] PHP Fatal error:  Uncaught Error: Class "WP_Customize_Control" not found in /var/www/ubuntu-us.org/htdocs/wp-includes/customize/class-wp-sidebar-block-editor-control.php:18\nStack trace:\n#0 {main}\n  thrown in /var/www/ubuntu-us.org/htdocs/wp-includes/customize/class-wp-sidebar-block-editor-control.php on line 18
[Sun Jan 14 11:39:20.319123 2024] [php:error] [pid 367616] [client 91.92.253.89:60071] PHP Fatal error:  Uncaught Error: Class "WP_Customize_Control" not found in /var/www/ubuntu-us.org/htdocs/wp-includes/customize/class-wp-widget-area-customize-control.php:17\nStack trace:\n#0 {main}\n  thrown in /var/www/ubuntu-us.org/htdocs/wp-includes/customize/class-wp-widget-area-customize-control.php on line 17
[Sun Jan 14 11:39:23.460459 2024] [php:error] [pid 366205] [client 91.92.253.89:60443] PHP Fatal error:  Uncaught Error: Class "WP_Customize_Control" not found in /var/www/ubuntu-us.org/htdocs/wp-includes/customize/class-wp-widget-form-customize-control.php:17\nStack trace:\n#0 {main}\n  thrown in /var/www/ubuntu-us.org/htdocs/wp-includes/customize/class-wp-widget-form-customize-control.php on line 17
[Sun Jan 14 11:40:16.301432 2024] [php:error] [pid 366203] [client 91.92.253.89:61529] PHP Fatal error:  Uncaught Error: Class "WP_HTML_Tag_Processor" not found in /var/www/ubuntu-us.org/htdocs/wp-includes/html-api/class-wp-html-processor.php:131\nStack trace:\n#0 {main}\n  thrown in /var/www/ubuntu-us.org/htdocs/wp-includes/html-api/class-wp-html-processor.php on line 131
[Sun Jan 14 11:43:50.764666 2024] [php:error] [pid 365526] [client 91.92.253.89:63529] PHP Fatal error:  Uncaught Error: Class "WP_HTTP_Response" not found in /var/www/ubuntu-us.org/htdocs/wp-includes/rest-api/class-wp-rest-response.php:17\nStack trace:\n#0 {main}\n  thrown in /var/www/ubuntu-us.org/htdocs/wp-includes/rest-api/class-wp-rest-response.php on line 17
[Sun Jan 14 11:44:25.444952 2024] [php:error] [pid 365526] [client 91.92.253.89:58067] PHP Fatal error:  Uncaught Error: Class "WP_REST_Controller" not found in /var/www/ubuntu-us.org/htdocs/wp-includes/rest-api/endpoints/class-wp-rest-application-passwords-controller.php:17\nStack trace:\n#0 {main}\n  thrown in /var/www/ubuntu-us.org/htdocs/wp-includes/rest-api/endpoints/class-wp-rest-application-passwords-controller.php on line 17
[Sun Jan 14 11:44:28.284566 2024] [php:error] [pid 362886] [client 91.92.253.89:61478] PHP Fatal error:  Uncaught Error: Class "WP_REST_Posts_Controller" not found in /var/www/ubuntu-us.org/htdocs/wp-includes/rest-api/endpoints/class-wp-rest-attachments-controller.php:17\nStack trace:\n#0 {main}\n  thrown in /var/www/ubuntu-us.org/htdocs/wp-includes/rest-api/endpoints/class-wp-rest-attachments-controller.php on line 17
[Sun Jan 14 11:44:30.681140 2024] [php:error] [pid 366203] [client 91.92.253.89:49177] PHP Fatal error:  Uncaught Error: Class "WP_REST_Revisions_Controller" not found in /var/www/ubuntu-us.org/htdocs/wp-includes/rest-api/endpoints/class-wp-rest-autosaves-controller.php:18\nStack trace:\n#0 {main}\n  thrown in /var/www/ubuntu-us.org/htdocs/wp-includes/rest-api/endpoints/class-wp-rest-autosaves-controller.php on line 18
[Sun Jan 14 11:44:34.365058 2024] [php:error] [pid 366204] [client 91.92.253.89:51067] PHP Fatal error:  Uncaught Error: Class "WP_REST_Controller" not found in /var/www/ubuntu-us.org/htdocs/wp-includes/rest-api/endpoints/class-wp-rest-block-directory-controller.php:17\nStack trace:\n#0 {main}\n  thrown in /var/www/ubuntu-us.org/htdocs/wp-includes/rest-api/endpoints/class-wp-rest-block-directory-controller.php on line 17
[Sun Jan 14 11:44:37.731200 2024] [php:error] [pid 362897] [client 91.92.253.89:65064] PHP Fatal error:  Uncaught Error: Class "WP_REST_Controller" not found in /var/www/ubuntu-us.org/htdocs/wp-includes/rest-api/endpoints/class-wp-rest-block-pattern-categories-controller.php:17\nStack trace:\n#0 {main}\n  thrown in /var/www/ubuntu-us.org/htdocs/wp-includes/rest-api/endpoints/class-wp-rest-block-pattern-categories-controller.php on line 17
[Sun Jan 14 11:44:39.253856 2024] [php:error] [pid 362886] [client 91.92.253.89:58518] PHP Fatal error:  Uncaught Error: Class "WP_REST_Controller" not found in /var/www/ubuntu-us.org/htdocs/wp-includes/rest-api/endpoints/class-wp-rest-block-patterns-controller.php:17\nStack trace:\n#0 {main}\n  thrown in /var/www/ubuntu-us.org/htdocs/wp-includes/rest-api/endpoints/class-wp-rest-block-patterns-controller.php on line 17
[Sun Jan 14 11:44:41.301608 2024] [php:error] [pid 366205] [client 91.92.253.89:55881] PHP Fatal error:  Uncaught Error: Class "WP_REST_Controller" not found in /var/www/ubuntu-us.org/htdocs/wp-includes/rest-api/endpoints/class-wp-rest-block-renderer-controller.php:17\nStack trace:\n#0 {main}\n  thrown in /var/www/ubuntu-us.org/htdocs/wp-includes/rest-api/endpoints/class-wp-rest-block-renderer-controller.php on line 17
[Sun Jan 14 11:44:44.585132 2024] [php:error] [pid 362893] [client 91.92.253.89:58042] PHP Fatal error:  Uncaught Error: Class "WP_REST_Controller" not found in /var/www/ubuntu-us.org/htdocs/wp-includes/rest-api/endpoints/class-wp-rest-block-types-controller.php:17\nStack trace:\n#0 {main}\n  thrown in /var/www/ubuntu-us.org/htdocs/wp-includes/rest-api/endpoints/class-wp-rest-block-types-controller.php on line 17
[Sun Jan 14 11:44:47.364060 2024] [php:error] [pid 363424] [client 91.92.253.89:57203] PHP Fatal error:  Uncaught Error: Class "WP_REST_Posts_Controller" not found in /var/www/ubuntu-us.org/htdocs/wp-includes/rest-api/endpoints/class-wp-rest-blocks-controller.php:20\nStack trace:\n#0 {main}\n  thrown in /var/www/ubuntu-us.org/htdocs/wp-includes/rest-api/endpoints/class-wp-rest-blocks-controller.php on line 20
[Sun Jan 14 11:44:49.619636 2024] [php:error] [pid 363741] [client 91.92.253.89:54851] PHP Fatal error:  Uncaught Error: Class "WP_REST_Controller" not found in /var/www/ubuntu-us.org/htdocs/wp-includes/rest-api/endpoints/class-wp-rest-comments-controller.php:17\nStack trace:\n#0 {main}\n  thrown in /var/www/ubuntu-us.org/htdocs/wp-includes/rest-api/endpoints/class-wp-rest-comments-controller.php on line 17
[Sun Jan 14 11:45:06.886830 2024] [php:error] [pid 367616] [client 91.92.253.89:58217] PHP Fatal error:  Uncaught Error: Class "WP_REST_Controller" not found in /var/www/ubuntu-us.org/htdocs/wp-includes/rest-api/endpoints/class-wp-rest-edit-site-export-controller.php:17\nStack trace:\n#0 {main}\n  thrown in /var/www/ubuntu-us.org/htdocs/wp-includes/rest-api/endpoints/class-wp-rest-edit-site-export-controller.php on line 17
[Sun Jan 14 11:45:09.862322 2024] [php:error] [pid 366204] [client 91.92.253.89:50856] PHP Fatal error:  Uncaught Error: Class "WP_REST_Controller" not found in /var/www/ubuntu-us.org/htdocs/wp-includes/rest-api/endpoints/class-wp-rest-global-styles-controller.php:13\nStack trace:\n#0 {main}\n  thrown in /var/www/ubuntu-us.org/htdocs/wp-includes/rest-api/endpoints/class-wp-rest-global-styles-controller.php on line 13
[Sun Jan 14 11:45:11.186460 2024] [php:error] [pid 362897] [client 91.92.253.89:56493] PHP Fatal error:  Uncaught Error: Class "WP_REST_Controller" not found in /var/www/ubuntu-us.org/htdocs/wp-includes/rest-api/endpoints/class-wp-rest-global-styles-revisions-controller.php:17\nStack trace:\n#0 {main}\n  thrown in /var/www/ubuntu-us.org/htdocs/wp-includes/rest-api/endpoints/class-wp-rest-global-styles-revisions-controller.php on line 17
[Sun Jan 14 11:45:14.235217 2024] [php:error] [pid 366203] [client 91.92.253.89:51890] PHP Fatal error:  Uncaught Error: Class "WP_REST_Posts_Controller" not found in /var/www/ubuntu-us.org/htdocs/wp-includes/rest-api/endpoints/class-wp-rest-menu-items-controller.php:17\nStack trace:\n#0 {main}\n  thrown in /var/www/ubuntu-us.org/htdocs/wp-includes/rest-api/endpoints/class-wp-rest-menu-items-controller.php on line 17
[Sun Jan 14 11:45:17.938967 2024] [php:error] [pid 365526] [client 91.92.253.89:63373] PHP Fatal error:  Uncaught Error: Class "WP_REST_Controller" not found in /var/www/ubuntu-us.org/htdocs/wp-includes/rest-api/endpoints/class-wp-rest-menu-locations-controller.php:17\nStack trace:\n#0 {main}\n  thrown in /var/www/ubuntu-us.org/htdocs/wp-includes/rest-api/endpoints/class-wp-rest-menu-locations-controller.php on line 17
[Sun Jan 14 11:45:21.571518 2024] [php:error] [pid 362893] [client 91.92.253.89:62770] PHP Fatal error:  Uncaught Error: Class "WP_REST_Terms_Controller" not found in /var/www/ubuntu-us.org/htdocs/wp-includes/rest-api/endpoints/class-wp-rest-menus-controller.php:17\nStack trace:\n#0 {main}\n  thrown in /var/www/ubuntu-us.org/htdocs/wp-includes/rest-api/endpoints/class-wp-rest-menus-controller.php on line 17
[Sun Jan 14 11:45:23.883304 2024] [php:error] [pid 363741] [client 91.92.253.89:53162] PHP Fatal error:  Uncaught Error: Class "WP_REST_Controller" not found in /var/www/ubuntu-us.org/htdocs/wp-includes/rest-api/endpoints/class-wp-rest-navigation-fallback-controller.php:17\nStack trace:\n#0 {main}\n  thrown in /var/www/ubuntu-us.org/htdocs/wp-includes/rest-api/endpoints/class-wp-rest-navigation-fallback-controller.php on line 17
[Sun Jan 14 11:45:29.200791 2024] [php:error] [pid 363424] [client 91.92.253.89:53115] PHP Fatal error:  Uncaught Error: Class "WP_REST_Controller" not found in /var/www/ubuntu-us.org/htdocs/wp-includes/rest-api/endpoints/class-wp-rest-pattern-directory-controller.php:20\nStack trace:\n#0 {main}\n  thrown in /var/www/ubuntu-us.org/htdocs/wp-includes/rest-api/endpoints/class-wp-rest-pattern-directory-controller.php on line 20
[Sun Jan 14 11:45:43.198156 2024] [php:error] [pid 367788] [client 91.92.253.89:58109] PHP Fatal error:  Uncaught Error: Class "WP_REST_Controller" not found in /var/www/ubuntu-us.org/htdocs/wp-includes/rest-api/endpoints/class-wp-rest-plugins-controller.php:17\nStack trace:\n#0 {main}\n  thrown in /var/www/ubuntu-us.org/htdocs/wp-includes/rest-api/endpoints/class-wp-rest-plugins-controller.php on line 17
[Sun Jan 14 11:45:50.231323 2024] [php:error] [pid 362893] [client 91.92.253.89:62619] PHP Fatal error:  Uncaught Error: Class "WP_REST_Controller" not found in /var/www/ubuntu-us.org/htdocs/wp-includes/rest-api/endpoints/class-wp-rest-post-statuses-controller.php:17\nStack trace:\n#0 {main}\n  thrown in /var/www/ubuntu-us.org/htdocs/wp-includes/rest-api/endpoints/class-wp-rest-post-statuses-controller.php on line 17
[Sun Jan 14 11:46:02.002666 2024] [php:error] [pid 367616] [client 91.92.253.89:52875] PHP Fatal error:  Uncaught Error: Class "WP_REST_Controller" not found in /var/www/ubuntu-us.org/htdocs/wp-includes/rest-api/endpoints/class-wp-rest-post-types-controller.php:17\nStack trace:\n#0 {main}\n  thrown in /var/www/ubuntu-us.org/htdocs/wp-includes/rest-api/endpoints/class-wp-rest-post-types-controller.php on line 17
[Sun Jan 14 11:46:04.945570 2024] [php:error] [pid 366205] [client 91.92.253.89:57001] PHP Fatal error:  Uncaught Error: Class "WP_REST_Controller" not found in /var/www/ubuntu-us.org/htdocs/wp-includes/rest-api/endpoints/class-wp-rest-posts-controller.php:17\nStack trace:\n#0 {main}\n  thrown in /var/www/ubuntu-us.org/htdocs/wp-includes/rest-api/endpoints/class-wp-rest-posts-controller.php on line 17
[Sun Jan 14 11:46:08.198401 2024] [php:error] [pid 367788] [client 91.92.253.89:53393] PHP Fatal error:  Uncaught Error: Class "WP_REST_Controller" not found in /var/www/ubuntu-us.org/htdocs/wp-includes/rest-api/endpoints/class-wp-rest-revisions-controller.php:17\nStack trace:\n#0 {main}\n  thrown in /var/www/ubuntu-us.org/htdocs/wp-includes/rest-api/endpoints/class-wp-rest-revisions-controller.php on line 17
[Sun Jan 14 11:46:10.799088 2024] [php:error] [pid 362886] [client 91.92.253.89:51946] PHP Fatal error:  Uncaught Error: Class "WP_REST_Controller" not found in /var/www/ubuntu-us.org/htdocs/wp-includes/rest-api/endpoints/class-wp-rest-search-controller.php:17\nStack trace:\n#0 {main}\n  thrown in /var/www/ubuntu-us.org/htdocs/wp-includes/rest-api/endpoints/class-wp-rest-search-controller.php on line 17
[Sun Jan 14 11:46:25.467621 2024] [php:error] [pid 366203] [client 91.92.253.89:52207] PHP Fatal error:  Uncaught Error: Class "WP_REST_Controller" not found in /var/www/ubuntu-us.org/htdocs/wp-includes/rest-api/endpoints/class-wp-rest-settings-controller.php:17\nStack trace:\n#0 {main}\n  thrown in /var/www/ubuntu-us.org/htdocs/wp-includes/rest-api/endpoints/class-wp-rest-settings-controller.php on line 17
[Sun Jan 14 11:46:31.345203 2024] [php:error] [pid 366205] [client 91.92.253.89:61077] PHP Fatal error:  Uncaught Error: Class "WP_REST_Controller" not found in /var/www/ubuntu-us.org/htdocs/wp-includes/rest-api/endpoints/class-wp-rest-sidebars-controller.php:19\nStack trace:\n#0 {main}\n  thrown in /var/www/ubuntu-us.org/htdocs/wp-includes/rest-api/endpoints/class-wp-rest-sidebars-controller.php on line 19
[Sun Jan 14 11:46:35.157598 2024] [php:error] [pid 367780] [client 91.92.253.89:61276] PHP Fatal error:  Uncaught Error: Class "WP_REST_Controller" not found in /var/www/ubuntu-us.org/htdocs/wp-includes/rest-api/endpoints/class-wp-rest-site-health-controller.php:17\nStack trace:\n#0 {main}\n  thrown in /var/www/ubuntu-us.org/htdocs/wp-includes/rest-api/endpoints/class-wp-rest-site-health-controller.php on line 17
[Sun Jan 14 11:46:38.711137 2024] [php:error] [pid 367784] [client 91.92.253.89:60131] PHP Fatal error:  Uncaught Error: Class "WP_REST_Controller" not found in /var/www/ubuntu-us.org/htdocs/wp-includes/rest-api/endpoints/class-wp-rest-taxonomies-controller.php:17\nStack trace:\n#0 {main}\n  thrown in /var/www/ubuntu-us.org/htdocs/wp-includes/rest-api/endpoints/class-wp-rest-taxonomies-controller.php on line 17
[Sun Jan 14 11:46:40.366694 2024] [php:error] [pid 365526] [client 91.92.253.89:52769] PHP Fatal error:  Uncaught Error: Class "WP_REST_Autosaves_Controller" not found in /var/www/ubuntu-us.org/htdocs/wp-includes/rest-api/endpoints/class-wp-rest-template-autosaves-controller.php:17\nStack trace:\n#0 {main}\n  thrown in /var/www/ubuntu-us.org/htdocs/wp-includes/rest-api/endpoints/class-wp-rest-template-autosaves-controller.php on line 17
[Sun Jan 14 11:46:42.634825 2024] [php:error] [pid 366203] [client 91.92.253.89:56853] PHP Fatal error:  Uncaught Error: Class "WP_REST_Revisions_Controller" not found in /var/www/ubuntu-us.org/htdocs/wp-includes/rest-api/endpoints/class-wp-rest-template-revisions-controller.php:17\nStack trace:\n#0 {main}\n  thrown in /var/www/ubuntu-us.org/htdocs/wp-includes/rest-api/endpoints/class-wp-rest-template-revisions-controller.php on line 17
[Sun Jan 14 11:46:44.321206 2024] [php:error] [pid 367780] [client 91.92.253.89:62977] PHP Fatal error:  Uncaught Error: Class "WP_REST_Controller" not found in /var/www/ubuntu-us.org/htdocs/wp-includes/rest-api/endpoints/class-wp-rest-templates-controller.php:17\nStack trace:\n#0 {main}\n  thrown in /var/www/ubuntu-us.org/htdocs/wp-includes/rest-api/endpoints/class-wp-rest-templates-controller.php on line 17
[Sun Jan 14 11:46:45.913141 2024] [php:error] [pid 367784] [client 91.92.253.89:56402] PHP Fatal error:  Uncaught Error: Class "WP_REST_Controller" not found in /var/www/ubuntu-us.org/htdocs/wp-includes/rest-api/endpoints/class-wp-rest-terms-controller.php:17\nStack trace:\n#0 {main}\n  thrown in /var/www/ubuntu-us.org/htdocs/wp-includes/rest-api/endpoints/class-wp-rest-terms-controller.php on line 17
[Sun Jan 14 11:46:47.379166 2024] [php:error] [pid 365526] [client 91.92.253.89:61730] PHP Fatal error:  Uncaught Error: Class "WP_REST_Controller" not found in /var/www/ubuntu-us.org/htdocs/wp-includes/rest-api/endpoints/class-wp-rest-themes-controller.php:17\nStack trace:\n#0 {main}\n  thrown in /var/www/ubuntu-us.org/htdocs/wp-includes/rest-api/endpoints/class-wp-rest-themes-controller.php on line 17
[Sun Jan 14 11:46:49.317828 2024] [php:error] [pid 366203] [client 91.92.253.89:65447] PHP Fatal error:  Uncaught Error: Class "WP_REST_Controller" not found in /var/www/ubuntu-us.org/htdocs/wp-includes/rest-api/endpoints/class-wp-rest-url-details-controller.php:18\nStack trace:\n#0 {main}\n  thrown in /var/www/ubuntu-us.org/htdocs/wp-includes/rest-api/endpoints/class-wp-rest-url-details-controller.php on line 18
[Sun Jan 14 11:46:50.606258 2024] [php:error] [pid 367780] [client 91.92.253.89:59226] PHP Fatal error:  Uncaught Error: Class "WP_REST_Controller" not found in /var/www/ubuntu-us.org/htdocs/wp-includes/rest-api/endpoints/class-wp-rest-users-controller.php:17\nStack trace:\n#0 {main}\n  thrown in /var/www/ubuntu-us.org/htdocs/wp-includes/rest-api/endpoints/class-wp-rest-users-controller.php on line 17
[Sun Jan 14 11:46:52.562871 2024] [php:error] [pid 367784] [client 91.92.253.89:50475] PHP Fatal error:  Uncaught Error: Class "WP_REST_Controller" not found in /var/www/ubuntu-us.org/htdocs/wp-includes/rest-api/endpoints/class-wp-rest-widget-types-controller.php:17\nStack trace:\n#0 {main}\n  thrown in /var/www/ubuntu-us.org/htdocs/wp-includes/rest-api/endpoints/class-wp-rest-widget-types-controller.php on line 17
[Sun Jan 14 11:46:53.768563 2024] [php:error] [pid 365526] [client 91.92.253.89:60541] PHP Fatal error:  Uncaught Error: Class "WP_REST_Controller" not found in /var/www/ubuntu-us.org/htdocs/wp-includes/rest-api/endpoints/class-wp-rest-widgets-controller.php:17\nStack trace:\n#0 {main}\n  thrown in /var/www/ubuntu-us.org/htdocs/wp-includes/rest-api/endpoints/class-wp-rest-widgets-controller.php on line 17
[Sun Jan 14 11:46:57.253027 2024] [php:error] [pid 362886] [client 91.92.253.89:64638] PHP Fatal error:  Uncaught Error: Class "WP_REST_Meta_Fields" not found in /var/www/ubuntu-us.org/htdocs/wp-includes/rest-api/fields/class-wp-rest-comment-meta-fields.php:17\nStack trace:\n#0 {main}\n  thrown in /var/www/ubuntu-us.org/htdocs/wp-includes/rest-api/fields/class-wp-rest-comment-meta-fields.php on line 17
[Sun Jan 14 11:47:00.257528 2024] [php:error] [pid 366204] [client 91.92.253.89:49674] PHP Fatal error:  Uncaught Error: Class "WP_REST_Meta_Fields" not found in /var/www/ubuntu-us.org/htdocs/wp-includes/rest-api/fields/class-wp-rest-post-meta-fields.php:17\nStack trace:\n#0 {main}\n  thrown in /var/www/ubuntu-us.org/htdocs/wp-includes/rest-api/fields/class-wp-rest-post-meta-fields.php on line 17
[Sun Jan 14 11:47:01.577601 2024] [php:error] [pid 367616] [client 91.92.253.89:49383] PHP Fatal error:  Uncaught Error: Class "WP_REST_Meta_Fields" not found in /var/www/ubuntu-us.org/htdocs/wp-includes/rest-api/fields/class-wp-rest-term-meta-fields.php:17\nStack trace:\n#0 {main}\n  thrown in /var/www/ubuntu-us.org/htdocs/wp-includes/rest-api/fields/class-wp-rest-term-meta-fields.php on line 17
[Sun Jan 14 11:47:12.028275 2024] [php:error] [pid 366205] [client 91.92.253.89:55805] PHP Fatal error:  Uncaught Error: Class "WP_REST_Meta_Fields" not found in /var/www/ubuntu-us.org/htdocs/wp-includes/rest-api/fields/class-wp-rest-user-meta-fields.php:17\nStack trace:\n#0 {main}\n  thrown in /var/www/ubuntu-us.org/htdocs/wp-includes/rest-api/fields/class-wp-rest-user-meta-fields.php on line 17
[Sun Jan 14 11:47:35.923043 2024] [php:error] [pid 367616] [client 91.92.253.89:59607] PHP Fatal error:  Uncaught Error: Class "WP_REST_Search_Handler" not found in /var/www/ubuntu-us.org/htdocs/wp-includes/rest-api/search/class-wp-rest-post-format-search-handler.php:17\nStack trace:\n#0 {main}\n  thrown in /var/www/ubuntu-us.org/htdocs/wp-includes/rest-api/search/class-wp-rest-post-format-search-handler.php on line 17
[Sun Jan 14 11:47:38.380725 2024] [php:error] [pid 367788] [client 91.92.253.89:49710] PHP Fatal error:  Uncaught Error: Class "WP_REST_Search_Handler" not found in /var/www/ubuntu-us.org/htdocs/wp-includes/rest-api/search/class-wp-rest-post-search-handler.php:17\nStack trace:\n#0 {main}\n  thrown in /var/www/ubuntu-us.org/htdocs/wp-includes/rest-api/search/class-wp-rest-post-search-handler.php on line 17
[Sun Jan 14 11:47:43.615611 2024] [php:error] [pid 366204] [client 91.92.253.89:50268] PHP Fatal error:  Uncaught Error: Class "WP_REST_Search_Handler" not found in /var/www/ubuntu-us.org/htdocs/wp-includes/rest-api/search/class-wp-rest-term-search-handler.php:17\nStack trace:\n#0 {main}\n  thrown in /var/www/ubuntu-us.org/htdocs/wp-includes/rest-api/search/class-wp-rest-term-search-handler.php on line 17
[Sun Jan 14 11:48:11.441027 2024] [php:error] [pid 367788] [client 91.92.253.89:64235] PHP Fatal error:  Uncaught Error: Class "WP_Sitemaps_Provider" not found in /var/www/ubuntu-us.org/htdocs/wp-includes/sitemaps/providers/class-wp-sitemaps-posts.php:17\nStack trace:\n#0 {main}\n  thrown in /var/www/ubuntu-us.org/htdocs/wp-includes/sitemaps/providers/class-wp-sitemaps-posts.php on line 17
[Sun Jan 14 11:48:14.105282 2024] [php:error] [pid 365526] [client 91.92.253.89:61120] PHP Fatal error:  Uncaught Error: Class "WP_Sitemaps_Provider" not found in /var/www/ubuntu-us.org/htdocs/wp-includes/sitemaps/providers/class-wp-sitemaps-taxonomies.php:17\nStack trace:\n#0 {main}\n  thrown in /var/www/ubuntu-us.org/htdocs/wp-includes/sitemaps/providers/class-wp-sitemaps-taxonomies.php on line 17
[Sun Jan 14 11:48:16.619893 2024] [php:error] [pid 367784] [client 91.92.253.89:50839] PHP Fatal error:  Uncaught Error: Class "WP_Sitemaps_Provider" not found in /var/www/ubuntu-us.org/htdocs/wp-includes/sitemaps/providers/class-wp-sitemaps-users.php:17\nStack trace:\n#0 {main}\n  thrown in /var/www/ubuntu-us.org/htdocs/wp-includes/sitemaps/providers/class-wp-sitemaps-users.php on line 17
[Sun Jan 14 11:49:00.608018 2024] [php:warn] [pid 366203] [client 91.92.253.89:49825] PHP Warning:  Constant SODIUM_LIBRARY_MAJOR_VERSION already defined in /var/www/ubuntu-us.org/htdocs/wp-includes/sodium_compat/lib/php72compat_const.php on line 3
[Sun Jan 14 11:49:00.608039 2024] [php:warn] [pid 366203] [client 91.92.253.89:49825] PHP Warning:  Constant SODIUM_LIBRARY_MINOR_VERSION already defined in /var/www/ubuntu-us.org/htdocs/wp-includes/sodium_compat/lib/php72compat_const.php on line 4
[Sun Jan 14 11:49:00.608043 2024] [php:warn] [pid 366203] [client 91.92.253.89:49825] PHP Warning:  Constant SODIUM_LIBRARY_VERSION already defined in /var/www/ubuntu-us.org/htdocs/wp-includes/sodium_compat/lib/php72compat_const.php on line 5
[Sun Jan 14 11:49:00.608046 2024] [php:warn] [pid 366203] [client 91.92.253.89:49825] PHP Warning:  Constant SODIUM_BASE64_VARIANT_ORIGINAL already defined in /var/www/ubuntu-us.org/htdocs/wp-includes/sodium_compat/lib/php72compat_const.php on line 7
[Sun Jan 14 11:49:00.608049 2024] [php:warn] [pid 366203] [client 91.92.253.89:49825] PHP Warning:  Constant SODIUM_BASE64_VARIANT_ORIGINAL_NO_PADDING already defined in /var/www/ubuntu-us.org/htdocs/wp-includes/sodium_compat/lib/php72compat_const.php on line 8
[Sun Jan 14 11:49:00.608052 2024] [php:warn] [pid 366203] [client 91.92.253.89:49825] PHP Warning:  Constant SODIUM_BASE64_VARIANT_URLSAFE already defined in /var/www/ubuntu-us.org/htdocs/wp-includes/sodium_compat/lib/php72compat_const.php on line 9
[Sun Jan 14 11:49:00.608055 2024] [php:warn] [pid 366203] [client 91.92.253.89:49825] PHP Warning:  Constant SODIUM_BASE64_VARIANT_URLSAFE_NO_PADDING already defined in /var/www/ubuntu-us.org/htdocs/wp-includes/sodium_compat/lib/php72compat_const.php on line 10
[Sun Jan 14 11:49:00.608058 2024] [php:warn] [pid 366203] [client 91.92.253.89:49825] PHP Warning:  Constant SODIUM_CRYPTO_AEAD_AES256GCM_KEYBYTES already defined in /var/www/ubuntu-us.org/htdocs/wp-includes/sodium_compat/lib/php72compat_const.php on line 11
[Sun Jan 14 11:49:00.608061 2024] [php:warn] [pid 366203] [client 91.92.253.89:49825] PHP Warning:  Constant SODIUM_CRYPTO_AEAD_AES256GCM_NSECBYTES already defined in /var/www/ubuntu-us.org/htdocs/wp-includes/sodium_compat/lib/php72compat_const.php on line 12
[Sun Jan 14 11:49:00.608064 2024] [php:warn] [pid 366203] [client 91.92.253.89:49825] PHP Warning:  Constant SODIUM_CRYPTO_AEAD_AES256GCM_NPUBBYTES already defined in /var/www/ubuntu-us.org/htdocs/wp-includes/sodium_compat/lib/php72compat_const.php on line 13
[Sun Jan 14 11:49:00.608075 2024] [php:warn] [pid 366203] [client 91.92.253.89:49825] PHP Warning:  Constant SODIUM_CRYPTO_AEAD_AES256GCM_ABYTES already defined in /var/www/ubuntu-us.org/htdocs/wp-includes/sodium_compat/lib/php72compat_const.php on line 14
[Sun Jan 14 11:49:00.608079 2024] [php:warn] [pid 366203] [client 91.92.253.89:49825] PHP Warning:  Constant SODIUM_CRYPTO_AEAD_CHACHA20POLY1305_KEYBYTES already defined in /var/www/ubuntu-us.org/htdocs/wp-includes/sodium_compat/lib/php72compat_const.php on line 15
[Sun Jan 14 11:49:00.608082 2024] [php:warn] [pid 366203] [client 91.92.253.89:49825] PHP Warning:  Constant SODIUM_CRYPTO_AEAD_CHACHA20POLY1305_NSECBYTES already defined in /var/www/ubuntu-us.org/htdocs/wp-includes/sodium_compat/lib/php72compat_const.php on line 16
[Sun Jan 14 11:49:00.608085 2024] [php:warn] [pid 366203] [client 91.92.253.89:49825] PHP Warning:  Constant SODIUM_CRYPTO_AEAD_CHACHA20POLY1305_NPUBBYTES already defined in /var/www/ubuntu-us.org/htdocs/wp-includes/sodium_compat/lib/php72compat_const.php on line 17
[Sun Jan 14 11:49:00.608088 2024] [php:warn] [pid 366203] [client 91.92.253.89:49825] PHP Warning:  Constant SODIUM_CRYPTO_AEAD_CHACHA20POLY1305_ABYTES already defined in /var/www/ubuntu-us.org/htdocs/wp-includes/sodium_compat/lib/php72compat_const.php on line 18
[Sun Jan 14 11:49:00.608091 2024] [php:warn] [pid 366203] [client 91.92.253.89:49825] PHP Warning:  Constant SODIUM_CRYPTO_AEAD_CHACHA20POLY1305_IETF_KEYBYTES already defined in /var/www/ubuntu-us.org/htdocs/wp-includes/sodium_compat/lib/php72compat_const.php on line 19
[Sun Jan 14 11:49:00.608094 2024] [php:warn] [pid 366203] [client 91.92.253.89:49825] PHP Warning:  Constant SODIUM_CRYPTO_AEAD_CHACHA20POLY1305_IETF_NSECBYTES already defined in /var/www/ubuntu-us.org/htdocs/wp-includes/sodium_compat/lib/php72compat_const.php on line 20
[Sun Jan 14 11:49:00.608097 2024] [php:warn] [pid 366203] [client 91.92.253.89:49825] PHP Warning:  Constant SODIUM_CRYPTO_AEAD_CHACHA20POLY1305_IETF_NPUBBYTES already defined in /var/www/ubuntu-us.org/htdocs/wp-includes/sodium_compat/lib/php72compat_const.php on line 21
[Sun Jan 14 11:49:00.608100 2024] [php:warn] [pid 366203] [client 91.92.253.89:49825] PHP Warning:  Constant SODIUM_CRYPTO_AEAD_CHACHA20POLY1305_IETF_ABYTES already defined in /var/www/ubuntu-us.org/htdocs/wp-includes/sodium_compat/lib/php72compat_const.php on line 22
[Sun Jan 14 11:49:00.608103 2024] [php:warn] [pid 366203] [client 91.92.253.89:49825] PHP Warning:  Constant SODIUM_CRYPTO_AEAD_XCHACHA20POLY1305_IETF_KEYBYTES already defined in /var/www/ubuntu-us.org/htdocs/wp-includes/sodium_compat/lib/php72compat_const.php on line 23
[Sun Jan 14 11:49:00.608106 2024] [php:warn] [pid 366203] [client 91.92.253.89:49825] PHP Warning:  Constant SODIUM_CRYPTO_AEAD_XCHACHA20POLY1305_IETF_NSECBYTES already defined in /var/www/ubuntu-us.org/htdocs/wp-includes/sodium_compat/lib/php72compat_const.php on line 24
[Sun Jan 14 11:49:00.608109 2024] [php:warn] [pid 366203] [client 91.92.253.89:49825] PHP Warning:  Constant SODIUM_CRYPTO_AEAD_XCHACHA20POLY1305_IETF_NPUBBYTES already defined in /var/www/ubuntu-us.org/htdocs/wp-includes/sodium_compat/lib/php72compat_const.php on line 25
[Sun Jan 14 11:49:00.608111 2024] [php:warn] [pid 366203] [client 91.92.253.89:49825] PHP Warning:  Constant SODIUM_CRYPTO_AEAD_XCHACHA20POLY1305_IETF_ABYTES already defined in /var/www/ubuntu-us.org/htdocs/wp-includes/sodium_compat/lib/php72compat_const.php on line 26
[Sun Jan 14 11:49:00.608114 2024] [php:warn] [pid 366203] [client 91.92.253.89:49825] PHP Warning:  Constant SODIUM_CRYPTO_AUTH_BYTES already defined in /var/www/ubuntu-us.org/htdocs/wp-includes/sodium_compat/lib/php72compat_const.php on line 27
[Sun Jan 14 11:49:00.608117 2024] [php:warn] [pid 366203] [client 91.92.253.89:49825] PHP Warning:  Constant SODIUM_CRYPTO_AUTH_KEYBYTES already defined in /var/www/ubuntu-us.org/htdocs/wp-includes/sodium_compat/lib/php72compat_const.php on line 28
[Sun Jan 14 11:49:00.608120 2024] [php:warn] [pid 366203] [client 91.92.253.89:49825] PHP Warning:  Constant SODIUM_CRYPTO_BOX_SEALBYTES already defined in /var/www/ubuntu-us.org/htdocs/wp-includes/sodium_compat/lib/php72compat_const.php on line 29
[Sun Jan 14 11:49:00.608159 2024] [php:warn] [pid 366203] [client 91.92.253.89:49825] PHP Warning:  Constant SODIUM_CRYPTO_BOX_SECRETKEYBYTES already defined in /var/www/ubuntu-us.org/htdocs/wp-includes/sodium_compat/lib/php72compat_const.php on line 30
[Sun Jan 14 11:49:00.608163 2024] [php:warn] [pid 366203] [client 91.92.253.89:49825] PHP Warning:  Constant SODIUM_CRYPTO_BOX_PUBLICKEYBYTES already defined in /var/www/ubuntu-us.org/htdocs/wp-includes/sodium_compat/lib/php72compat_const.php on line 31
[Sun Jan 14 11:49:00.608166 2024] [php:warn] [pid 366203] [client 91.92.253.89:49825] PHP Warning:  Constant SODIUM_CRYPTO_BOX_KEYPAIRBYTES already defined in /var/www/ubuntu-us.org/htdocs/wp-includes/sodium_compat/lib/php72compat_const.php on line 32
[Sun Jan 14 11:49:00.608169 2024] [php:warn] [pid 366203] [client 91.92.253.89:49825] PHP Warning:  Constant SODIUM_CRYPTO_BOX_MACBYTES already defined in /var/www/ubuntu-us.org/htdocs/wp-includes/sodium_compat/lib/php72compat_const.php on line 33
[Sun Jan 14 11:49:00.608172 2024] [php:warn] [pid 366203] [client 91.92.253.89:49825] PHP Warning:  Constant SODIUM_CRYPTO_BOX_NONCEBYTES already defined in /var/www/ubuntu-us.org/htdocs/wp-includes/sodium_compat/lib/php72compat_const.php on line 34
[Sun Jan 14 11:49:00.608174 2024] [php:warn] [pid 366203] [client 91.92.253.89:49825] PHP Warning:  Constant SODIUM_CRYPTO_BOX_SEEDBYTES already defined in /var/www/ubuntu-us.org/htdocs/wp-includes/sodium_compat/lib/php72compat_const.php on line 35
[Sun Jan 14 11:49:00.608177 2024] [php:warn] [pid 366203] [client 91.92.253.89:49825] PHP Warning:  Constant SODIUM_CRYPTO_KDF_BYTES_MIN already defined in /var/www/ubuntu-us.org/htdocs/wp-includes/sodium_compat/lib/php72compat_const.php on line 36
[Sun Jan 14 11:49:00.608180 2024] [php:warn] [pid 366203] [client 91.92.253.89:49825] PHP Warning:  Constant SODIUM_CRYPTO_KDF_BYTES_MAX already defined in /var/www/ubuntu-us.org/htdocs/wp-includes/sodium_compat/lib/php72compat_const.php on line 37
[Sun Jan 14 11:49:00.608183 2024] [php:warn] [pid 366203] [client 91.92.253.89:49825] PHP Warning:  Constant SODIUM_CRYPTO_KDF_CONTEXTBYTES already defined in /var/www/ubuntu-us.org/htdocs/wp-includes/sodium_compat/lib/php72compat_const.php on line 38
[Sun Jan 14 11:49:00.608186 2024] [php:warn] [pid 366203] [client 91.92.253.89:49825] PHP Warning:  Constant SODIUM_CRYPTO_KDF_KEYBYTES already defined in /var/www/ubuntu-us.org/htdocs/wp-includes/sodium_compat/lib/php72compat_const.php on line 39
[Sun Jan 14 11:49:00.608189 2024] [php:warn] [pid 366203] [client 91.92.253.89:49825] PHP Warning:  Constant SODIUM_CRYPTO_KX_SEEDBYTES already defined in /var/www/ubuntu-us.org/htdocs/wp-includes/sodium_compat/lib/php72compat_const.php on line 42
[Sun Jan 14 11:49:00.608192 2024] [php:warn] [pid 366203] [client 91.92.253.89:49825] PHP Warning:  Constant SODIUM_CRYPTO_KX_KEYPAIRBYTES already defined in /var/www/ubuntu-us.org/htdocs/wp-includes/sodium_compat/lib/php72compat_const.php on line 43
[Sun Jan 14 11:49:00.608195 2024] [php:warn] [pid 366203] [client 91.92.253.89:49825] PHP Warning:  Constant SODIUM_CRYPTO_KX_PUBLICKEYBYTES already defined in /var/www/ubuntu-us.org/htdocs/wp-includes/sodium_compat/lib/php72compat_const.php on line 44
[Sun Jan 14 11:49:00.608197 2024] [php:warn] [pid 366203] [client 91.92.253.89:49825] PHP Warning:  Constant SODIUM_CRYPTO_KX_SECRETKEYBYTES already defined in /var/www/ubuntu-us.org/htdocs/wp-includes/sodium_compat/lib/php72compat_const.php on line 45
[Sun Jan 14 11:49:00.608200 2024] [php:warn] [pid 366203] [client 91.92.253.89:49825] PHP Warning:  Constant SODIUM_CRYPTO_KX_SESSIONKEYBYTES already defined in /var/www/ubuntu-us.org/htdocs/wp-includes/sodium_compat/lib/php72compat_const.php on line 46
[Sun Jan 14 11:49:00.608203 2024] [php:warn] [pid 366203] [client 91.92.253.89:49825] PHP Warning:  Constant SODIUM_CRYPTO_GENERICHASH_BYTES already defined in /var/www/ubuntu-us.org/htdocs/wp-includes/sodium_compat/lib/php72compat_const.php on line 47
[Sun Jan 14 11:49:00.608209 2024] [php:warn] [pid 366203] [client 91.92.253.89:49825] PHP Warning:  Constant SODIUM_CRYPTO_GENERICHASH_BYTES_MIN already defined in /var/www/ubuntu-us.org/htdocs/wp-includes/sodium_compat/lib/php72compat_const.php on line 48
[Sun Jan 14 11:49:00.608211 2024] [php:warn] [pid 366203] [client 91.92.253.89:49825] PHP Warning:  Constant SODIUM_CRYPTO_GENERICHASH_BYTES_MAX already defined in /var/www/ubuntu-us.org/htdocs/wp-includes/sodium_compat/lib/php72compat_const.php on line 49
[Sun Jan 14 11:49:00.608214 2024] [php:warn] [pid 366203] [client 91.92.253.89:49825] PHP Warning:  Constant SODIUM_CRYPTO_GENERICHASH_KEYBYTES already defined in /var/www/ubuntu-us.org/htdocs/wp-includes/sodium_compat/lib/php72compat_const.php on line 50
[Sun Jan 14 11:49:00.608217 2024] [php:warn] [pid 366203] [client 91.92.253.89:49825] PHP Warning:  Constant SODIUM_CRYPTO_GENERICHASH_KEYBYTES_MIN already defined in /var/www/ubuntu-us.org/htdocs/wp-includes/sodium_compat/lib/php72compat_const.php on line 51
[Sun Jan 14 11:49:00.608220 2024] [php:warn] [pid 366203] [client 91.92.253.89:49825] PHP Warning:  Constant SODIUM_CRYPTO_GENERICHASH_KEYBYTES_MAX already defined in /var/www/ubuntu-us.org/htdocs/wp-includes/sodium_compat/lib/php72compat_const.php on line 52
[Sun Jan 14 11:49:00.608223 2024] [php:warn] [pid 366203] [client 91.92.253.89:49825] PHP Warning:  Constant SODIUM_CRYPTO_PWHASH_SALTBYTES already defined in /var/www/ubuntu-us.org/htdocs/wp-includes/sodium_compat/lib/php72compat_const.php on line 53
[Sun Jan 14 11:49:00.608226 2024] [php:warn] [pid 366203] [client 91.92.253.89:49825] PHP Warning:  Constant SODIUM_CRYPTO_PWHASH_STRPREFIX already defined in /var/www/ubuntu-us.org/htdocs/wp-includes/sodium_compat/lib/php72compat_const.php on line 54
[Sun Jan 14 11:49:00.608229 2024] [php:warn] [pid 366203] [client 91.92.253.89:49825] PHP Warning:  Constant SODIUM_CRYPTO_PWHASH_ALG_ARGON2I13 already defined in /var/www/ubuntu-us.org/htdocs/wp-includes/sodium_compat/lib/php72compat_const.php on line 55
[Sun Jan 14 11:49:00.608232 2024] [php:warn] [pid 366203] [client 91.92.253.89:49825] PHP Warning:  Constant SODIUM_CRYPTO_PWHASH_ALG_ARGON2ID13 already defined in /var/www/ubuntu-us.org/htdocs/wp-includes/sodium_compat/lib/php72compat_const.php on line 56
[Sun Jan 14 11:49:00.608235 2024] [php:warn] [pid 366203] [client 91.92.253.89:49825] PHP Warning:  Constant SODIUM_CRYPTO_PWHASH_MEMLIMIT_INTERACTIVE already defined in /var/www/ubuntu-us.org/htdocs/wp-includes/sodium_compat/lib/php72compat_const.php on line 57
[Sun Jan 14 11:49:00.608238 2024] [php:warn] [pid 366203] [client 91.92.253.89:49825] PHP Warning:  Constant SODIUM_CRYPTO_PWHASH_OPSLIMIT_INTERACTIVE already defined in /var/www/ubuntu-us.org/htdocs/wp-includes/sodium_compat/lib/php72compat_const.php on line 58
[Sun Jan 14 11:49:00.608241 2024] [php:warn] [pid 366203] [client 91.92.253.89:49825] PHP Warning:  Constant SODIUM_CRYPTO_PWHASH_MEMLIMIT_MODERATE already defined in /var/www/ubuntu-us.org/htdocs/wp-includes/sodium_compat/lib/php72compat_const.php on line 59
[Sun Jan 14 11:49:00.608243 2024] [php:warn] [pid 366203] [client 91.92.253.89:49825] PHP Warning:  Constant SODIUM_CRYPTO_PWHASH_OPSLIMIT_MODERATE already defined in /var/www/ubuntu-us.org/htdocs/wp-includes/sodium_compat/lib/php72compat_const.php on line 60
[Sun Jan 14 11:49:00.608246 2024] [php:warn] [pid 366203] [client 91.92.253.89:49825] PHP Warning:  Constant SODIUM_CRYPTO_PWHASH_MEMLIMIT_SENSITIVE already defined in /var/www/ubuntu-us.org/htdocs/wp-includes/sodium_compat/lib/php72compat_const.php on line 61
[Sun Jan 14 11:49:00.608249 2024] [php:warn] [pid 366203] [client 91.92.253.89:49825] PHP Warning:  Constant SODIUM_CRYPTO_PWHASH_OPSLIMIT_SENSITIVE already defined in /var/www/ubuntu-us.org/htdocs/wp-includes/sodium_compat/lib/php72compat_const.php on line 62
[Sun Jan 14 11:49:00.608252 2024] [php:warn] [pid 366203] [client 91.92.253.89:49825] PHP Warning:  Constant SODIUM_CRYPTO_PWHASH_SCRYPTSALSA208SHA256_SALTBYTES already defined in /var/www/ubuntu-us.org/htdocs/wp-includes/sodium_compat/lib/php72compat_const.php on line 63
[Sun Jan 14 11:49:00.608257 2024] [php:warn] [pid 366203] [client 91.92.253.89:49825] PHP Warning:  Constant SODIUM_CRYPTO_PWHASH_SCRYPTSALSA208SHA256_STRPREFIX already defined in /var/www/ubuntu-us.org/htdocs/wp-includes/sodium_compat/lib/php72compat_const.php on line 64
[Sun Jan 14 11:49:00.608260 2024] [php:warn] [pid 366203] [client 91.92.253.89:49825] PHP Warning:  Constant SODIUM_CRYPTO_PWHASH_SCRYPTSALSA208SHA256_OPSLIMIT_INTERACTIVE already defined in /var/www/ubuntu-us.org/htdocs/wp-includes/sodium_compat/lib/php72compat_const.php on line 65
[Sun Jan 14 11:49:00.608263 2024] [php:warn] [pid 366203] [client 91.92.253.89:49825] PHP Warning:  Constant SODIUM_CRYPTO_PWHASH_SCRYPTSALSA208SHA256_MEMLIMIT_INTERACTIVE already defined in /var/www/ubuntu-us.org/htdocs/wp-includes/sodium_compat/lib/php72compat_const.php on line 66
[Sun Jan 14 11:49:00.608266 2024] [php:warn] [pid 366203] [client 91.92.253.89:49825] PHP Warning:  Constant SODIUM_CRYPTO_PWHASH_SCRYPTSALSA208SHA256_OPSLIMIT_SENSITIVE already defined in /var/www/ubuntu-us.org/htdocs/wp-includes/sodium_compat/lib/php72compat_const.php on line 67
[Sun Jan 14 11:49:00.608269 2024] [php:warn] [pid 366203] [client 91.92.253.89:49825] PHP Warning:  Constant SODIUM_CRYPTO_PWHASH_SCRYPTSALSA208SHA256_MEMLIMIT_SENSITIVE already defined in /var/www/ubuntu-us.org/htdocs/wp-includes/sodium_compat/lib/php72compat_const.php on line 68
[Sun Jan 14 11:49:00.608272 2024] [php:warn] [pid 366203] [client 91.92.253.89:49825] PHP Warning:  Constant SODIUM_CRYPTO_SCALARMULT_BYTES already defined in /var/www/ubuntu-us.org/htdocs/wp-includes/sodium_compat/lib/php72compat_const.php on line 69
[Sun Jan 14 11:49:00.608274 2024] [php:warn] [pid 366203] [client 91.92.253.89:49825] PHP Warning:  Constant SODIUM_CRYPTO_SCALARMULT_SCALARBYTES already defined in /var/www/ubuntu-us.org/htdocs/wp-includes/sodium_compat/lib/php72compat_const.php on line 70
[Sun Jan 14 11:49:00.608277 2024] [php:warn] [pid 366203] [client 91.92.253.89:49825] PHP Warning:  Constant SODIUM_CRYPTO_SHORTHASH_BYTES already defined in /var/www/ubuntu-us.org/htdocs/wp-includes/sodium_compat/lib/php72compat_const.php on line 71
[Sun Jan 14 11:49:00.608280 2024] [php:warn] [pid 366203] [client 91.92.253.89:49825] PHP Warning:  Constant SODIUM_CRYPTO_SHORTHASH_KEYBYTES already defined in /var/www/ubuntu-us.org/htdocs/wp-includes/sodium_compat/lib/php72compat_const.php on line 72
[Sun Jan 14 11:49:00.608283 2024] [php:warn] [pid 366203] [client 91.92.253.89:49825] PHP Warning:  Constant SODIUM_CRYPTO_SECRETBOX_KEYBYTES already defined in /var/www/ubuntu-us.org/htdocs/wp-includes/sodium_compat/lib/php72compat_const.php on line 73
[Sun Jan 14 11:49:00.608285 2024] [php:warn] [pid 366203] [client 91.92.253.89:49825] PHP Warning:  Constant SODIUM_CRYPTO_SECRETBOX_MACBYTES already defined in /var/www/ubuntu-us.org/htdocs/wp-includes/sodium_compat/lib/php72compat_const.php on line 74
[Sun Jan 14 11:49:00.608288 2024] [php:warn] [pid 366203] [client 91.92.253.89:49825] PHP Warning:  Constant SODIUM_CRYPTO_SECRETBOX_NONCEBYTES already defined in /var/www/ubuntu-us.org/htdocs/wp-includes/sodium_compat/lib/php72compat_const.php on line 75
[Sun Jan 14 11:49:00.608291 2024] [php:warn] [pid 366203] [client 91.92.253.89:49825] PHP Warning:  Constant SODIUM_CRYPTO_SECRETSTREAM_XCHACHA20POLY1305_ABYTES already defined in /var/www/ubuntu-us.org/htdocs/wp-includes/sodium_compat/lib/php72compat_const.php on line 76
[Sun Jan 14 11:49:00.608294 2024] [php:warn] [pid 366203] [client 91.92.253.89:49825] PHP Warning:  Constant SODIUM_CRYPTO_SECRETSTREAM_XCHACHA20POLY1305_HEADERBYTES already defined in /var/www/ubuntu-us.org/htdocs/wp-includes/sodium_compat/lib/php72compat_const.php on line 77
[Sun Jan 14 11:49:00.608297 2024] [php:warn] [pid 366203] [client 91.92.253.89:49825] PHP Warning:  Constant SODIUM_CRYPTO_SECRETSTREAM_XCHACHA20POLY1305_KEYBYTES already defined in /var/www/ubuntu-us.org/htdocs/wp-includes/sodium_compat/lib/php72compat_const.php on line 78
[Sun Jan 14 11:49:00.608302 2024] [php:warn] [pid 366203] [client 91.92.253.89:49825] PHP Warning:  Constant SODIUM_CRYPTO_SECRETSTREAM_XCHACHA20POLY1305_TAG_PUSH already defined in /var/www/ubuntu-us.org/htdocs/wp-includes/sodium_compat/lib/php72compat_const.php on line 79
[Sun Jan 14 11:49:00.608305 2024] [php:warn] [pid 366203] [client 91.92.253.89:49825] PHP Warning:  Constant SODIUM_CRYPTO_SECRETSTREAM_XCHACHA20POLY1305_TAG_REKEY already defined in /var/www/ubuntu-us.org/htdocs/wp-includes/sodium_compat/lib/php72compat_const.php on line 81
[Sun Jan 14 11:49:00.608308 2024] [php:warn] [pid 366203] [client 91.92.253.89:49825] PHP Warning:  Constant SODIUM_CRYPTO_SECRETSTREAM_XCHACHA20POLY1305_TAG_FINAL already defined in /var/www/ubuntu-us.org/htdocs/wp-includes/sodium_compat/lib/php72compat_const.php on line 82
[Sun Jan 14 11:49:00.608311 2024] [php:warn] [pid 366203] [client 91.92.253.89:49825] PHP Warning:  Constant SODIUM_CRYPTO_SECRETSTREAM_XCHACHA20POLY1305_MESSAGEBYTES_MAX already defined in /var/www/ubuntu-us.org/htdocs/wp-includes/sodium_compat/lib/php72compat_const.php on line 83
[Sun Jan 14 11:49:00.608314 2024] [php:warn] [pid 366203] [client 91.92.253.89:49825] PHP Warning:  Constant SODIUM_CRYPTO_SIGN_BYTES already defined in /var/www/ubuntu-us.org/htdocs/wp-includes/sodium_compat/lib/php72compat_const.php on line 84
[Sun Jan 14 11:49:00.608316 2024] [php:warn] [pid 366203] [client 91.92.253.89:49825] PHP Warning:  Constant SODIUM_CRYPTO_SIGN_SEEDBYTES already defined in /var/www/ubuntu-us.org/htdocs/wp-includes/sodium_compat/lib/php72compat_const.php on line 85
[Sun Jan 14 11:49:00.608319 2024] [php:warn] [pid 366203] [client 91.92.253.89:49825] PHP Warning:  Constant SODIUM_CRYPTO_SIGN_PUBLICKEYBYTES already defined in /var/www/ubuntu-us.org/htdocs/wp-includes/sodium_compat/lib/php72compat_const.php on line 86
[Sun Jan 14 11:49:00.608322 2024] [php:warn] [pid 366203] [client 91.92.253.89:49825] PHP Warning:  Constant SODIUM_CRYPTO_SIGN_SECRETKEYBYTES already defined in /var/www/ubuntu-us.org/htdocs/wp-includes/sodium_compat/lib/php72compat_const.php on line 87
